[INFO] fetching crate janitor-service 0.1.4...
[INFO] checking janitor-service-0.1.4 against master#e6e4f7ed1589e03bc2f6c5931c1a72e7947e8682 for beta-170-4
[INFO] extracting crate janitor-service 0.1.4 into /workspace/builds/worker-6-tc2/source
[INFO] validating manifest of crates.io crate janitor-service 0.1.4 on toolchain e6e4f7ed1589e03bc2f6c5931c1a72e7947e8682
[INFO] running `Command { std: CARGO_HOME="/workspace/cargo-home" RUSTUP_HOME="/workspace/rustup-home" "/workspace/cargo-home/bin/cargo" "+e6e4f7ed1589e03bc2f6c5931c1a72e7947e8682" "metadata" "--manifest-path" "Cargo.toml" "--no-deps", kill_on_drop: false }`
[INFO] started tweaking crates.io crate janitor-service 0.1.4
[INFO] finished tweaking crates.io crate janitor-service 0.1.4
[INFO] tweaked toml for crates.io crate janitor-service 0.1.4 written to /workspace/builds/worker-6-tc2/source/Cargo.toml
[INFO] crate crates.io crate janitor-service 0.1.4 already has a lockfile, it will not be regenerated
[INFO] running `Command { std: CARGO_HOME="/workspace/cargo-home" RUSTUP_HOME="/workspace/rustup-home" "/workspace/cargo-home/bin/cargo" "+e6e4f7ed1589e03bc2f6c5931c1a72e7947e8682" "fetch" "--manifest-path" "Cargo.toml", kill_on_drop: false }`
[INFO] running `Command { std: "docker" "create" "-v" "/var/lib/crater-agent-workspace/builds/worker-6-tc2/target:/opt/rustwide/target:rw,Z" "-v" "/var/lib/crater-agent-workspace/builds/worker-6-tc2/source:/opt/rustwide/workdir:ro,Z" "-v" "/var/lib/crater-agent-workspace/cargo-home:/opt/rustwide/cargo-home:ro,Z" "-v" "/var/lib/crater-agent-workspace/rustup-home:/opt/rustwide/rustup-home:ro,Z" "-e" "SOURCE_DIR=/opt/rustwide/workdir" "-e" "CARGO_TARGET_DIR=/opt/rustwide/target" "-e" "CARGO_HOME=/opt/rustwide/cargo-home" "-e" "RUSTUP_HOME=/opt/rustwide/rustup-home" "-w" "/opt/rustwide/workdir" "-m" "1610612736" "--user" "0:0" "--network" "none" "ghcr.io/rust-lang/crates-build-env/linux@sha256:19e73879b68f455e41552ea35293514db52ea292d993f571636dbffedb77a1ee" "/opt/rustwide/cargo-home/bin/cargo" "+e6e4f7ed1589e03bc2f6c5931c1a72e7947e8682" "metadata" "--no-deps" "--format-version=1", kill_on_drop: false }`
[INFO] [stdout] 23895666eb9dec5780dd4753fd559b3eedb95b0698f4be546ef4411e3cac0811
[INFO] running `Command { std: "docker" "start" "-a" "23895666eb9dec5780dd4753fd559b3eedb95b0698f4be546ef4411e3cac0811", kill_on_drop: false }`
[INFO] running `Command { std: "docker" "inspect" "23895666eb9dec5780dd4753fd559b3eedb95b0698f4be546ef4411e3cac0811", kill_on_drop: false }`
[INFO] running `Command { std: "docker" "rm" "-f" "23895666eb9dec5780dd4753fd559b3eedb95b0698f4be546ef4411e3cac0811", kill_on_drop: false }`
[INFO] [stdout] 23895666eb9dec5780dd4753fd559b3eedb95b0698f4be546ef4411e3cac0811
[INFO] running `Command { std: "docker" "create" "-v" "/var/lib/crater-agent-workspace/builds/worker-6-tc2/target:/opt/rustwide/target:rw,Z" "-v" "/var/lib/crater-agent-workspace/builds/worker-6-tc2/source:/opt/rustwide/workdir:ro,Z" "-v" "/var/lib/crater-agent-workspace/cargo-home:/opt/rustwide/cargo-home:ro,Z" "-v" "/var/lib/crater-agent-workspace/rustup-home:/opt/rustwide/rustup-home:ro,Z" "-e" "SOURCE_DIR=/opt/rustwide/workdir" "-e" "CARGO_TARGET_DIR=/opt/rustwide/target" "-e" "CARGO_INCREMENTAL=0" "-e" "RUST_BACKTRACE=full" "-e" "RUSTFLAGS=--cap-lints=forbid" "-e" "RUSTDOCFLAGS=--cap-lints=forbid" "-e" "CARGO_HOME=/opt/rustwide/cargo-home" "-e" "RUSTUP_HOME=/opt/rustwide/rustup-home" "-w" "/opt/rustwide/workdir" "-m" "1610612736" "--user" "0:0" "--network" "none" "ghcr.io/rust-lang/crates-build-env/linux@sha256:19e73879b68f455e41552ea35293514db52ea292d993f571636dbffedb77a1ee" "/opt/rustwide/cargo-home/bin/cargo" "+e6e4f7ed1589e03bc2f6c5931c1a72e7947e8682" "check" "--frozen" "--all" "--all-targets" "--message-format=json", kill_on_drop: false }`
[INFO] [stdout] 74c71d1d6f444cc12a4c9a6a737c0ad3ff7ede9c73c9c747688c5101bd4a3036
[INFO] running `Command { std: "docker" "start" "-a" "74c71d1d6f444cc12a4c9a6a737c0ad3ff7ede9c73c9c747688c5101bd4a3036", kill_on_drop: false }`
[INFO] [stderr]    Compiling syn v1.0.107
[INFO] [stderr]    Compiling crossbeam-utils v0.8.15
[INFO] [stderr]    Compiling indexmap v1.9.2
[INFO] [stderr]    Compiling generic-array v0.14.7
[INFO] [stderr]    Compiling winnow v0.4.6
[INFO] [stderr]     Checking futures-io v0.3.28
[INFO] [stderr]    Compiling toml_datetime v0.6.2
[INFO] [stderr]    Compiling proc-macro2 v1.0.56
[INFO] [stderr]     Checking parking v2.1.0
[INFO] [stderr]     Checking async-lock v2.7.0
[INFO] [stderr]    Compiling memoffset v0.7.1
[INFO] [stderr]     Checking getrandom v0.2.8
[INFO] [stderr]    Compiling polling v2.8.0
[INFO] [stderr]     Checking async-task v4.4.0
[INFO] [stderr]    Compiling rustix v0.37.3
[INFO] [stderr]     Checking io-lifetimes v1.0.10
[INFO] [stderr]    Compiling aho-corasick v1.0.1
[INFO] [stderr]     Checking futures-lite v1.13.0
[INFO] [stderr]    Compiling async-fs v1.6.0
[INFO] [stderr]     Checking rand_core v0.6.4
[INFO] [stderr]    Compiling async-io v1.13.0
[INFO] [stderr]    Compiling futures-util v0.3.28
[INFO] [stderr]     Checking atomic-waker v1.1.1
[INFO] [stderr]    Compiling regex-syntax v0.7.1
[INFO] [stderr]     Checking tracing-core v0.1.30
[INFO] [stderr]     Checking nix v0.26.2
[INFO] [stderr]     Checking rand_chacha v0.3.1
[INFO] [stderr]     Checking inotify-sys v0.1.5
[INFO] [stderr]    Compiling quote v1.0.26
[INFO] [stderr]     Checking socket2 v0.4.9
[INFO] [stderr]     Checking cpufeatures v0.2.7
[INFO] [stderr]     Checking rand v0.8.5
[INFO] [stderr]     Checking inotify v0.9.6
[INFO] [stderr]    Compiling syn v2.0.15
[INFO] [stderr]     Checking concurrent-queue v2.2.0
[INFO] [stderr]     Checking crossbeam-channel v0.5.8
[INFO] [stderr]     Checking ordered-stream v0.2.0
[INFO] [stderr]     Checking mio v0.8.6
[INFO] [stderr]     Checking async-channel v1.8.0
[INFO] [stderr]     Checking crypto-common v0.1.6
[INFO] [stderr]     Checking block-buffer v0.10.4
[INFO] [stderr]     Checking async-broadcast v0.5.1
[INFO] [stderr]     Checking blocking v1.3.1
[INFO] [stderr]     Checking async-executor v1.5.1
[INFO] [stderr]     Checking digest v0.10.6
[INFO] [stderr]     Checking filetime v0.2.21
[INFO] [stderr]     Checking sha1 v0.10.5
[INFO] [stderr]     Checking option-ext v0.2.0
[INFO] [stderr]     Checking nix v0.23.2
[INFO] [stderr]    Compiling janitor-service v0.1.4 (/opt/rustwide/workdir)
[INFO] [stderr]     Checking xdg-home v1.0.0
[INFO] [stderr]     Checking dirs-sys v0.4.1
[INFO] [stderr]     Checking notify v6.0.0
[INFO] [stderr]     Checking widestring v0.4.3
[INFO] [stderr]     Checking glob v0.3.1
[INFO] [stderr]     Checking tray-item v0.8.0
[INFO] [stderr]     Checking directories v5.0.1
[INFO] [stdout] error[E0433]: failed to resolve: could not find `TrayItemImpl` in `api`
[INFO] [stdout]   --> /opt/rustwide/cargo-home/registry/src/index.crates.io-6f17d22bba15001f/tray-item-0.8.0/src/lib.rs:30:22
[INFO] [stdout]    |
[INFO] [stdout] 30 |         Ok(Self(api::TrayItemImpl::new(title, icon)?))
[INFO] [stdout]    |                      ^^^^^^^^^^^^ could not find `TrayItemImpl` in `api`
[INFO] [stdout] 
[INFO] [stdout] 
[INFO] [stdout] error[E0412]: cannot find type `TrayItemImpl` in module `api`
[INFO] [stdout]  --> /opt/rustwide/cargo-home/registry/src/index.crates.io-6f17d22bba15001f/tray-item-0.8.0/src/lib.rs:5:26
[INFO] [stdout]   |
[INFO] [stdout] 5 | pub struct TrayItem(api::TrayItemImpl);
[INFO] [stdout]   |                          ^^^^^^^^^^^^ not found in `api`
[INFO] [stdout] 
[INFO] [stdout] 
[INFO] [stdout] error[E0412]: cannot find type `TrayItemImpl` in module `api`
[INFO] [stdout]   --> /opt/rustwide/cargo-home/registry/src/index.crates.io-6f17d22bba15001f/tray-item-0.8.0/src/lib.rs:48:46
[INFO] [stdout]    |
[INFO] [stdout] 48 |     pub fn inner_mut(&mut self) -> &mut api::TrayItemImpl {
[INFO] [stdout]    |                                              ^^^^^^^^^^^^ not found in `api`
[INFO] [stdout] 
[INFO] [stdout] 
[INFO] [stdout] error: aborting due to 3 previous errors
[INFO] [stdout] 
[INFO] [stdout] 
[INFO] [stdout] Some errors have detailed explanations: E0412, E0433.
[INFO] [stdout] 
[INFO] [stdout] For more information about an error, try `rustc --explain E0412`.
[INFO] [stdout] 
[INFO] [stderr] error: could not compile `tray-item` (lib) due to 4 previous errors
[INFO] [stderr] warning: build failed, waiting for other jobs to finish...
[INFO] running `Command { std: "docker" "inspect" "74c71d1d6f444cc12a4c9a6a737c0ad3ff7ede9c73c9c747688c5101bd4a3036", kill_on_drop: false }`
[INFO] running `Command { std: "docker" "rm" "-f" "74c71d1d6f444cc12a4c9a6a737c0ad3ff7ede9c73c9c747688c5101bd4a3036", kill_on_drop: false }`
[INFO] [stdout] 74c71d1d6f444cc12a4c9a6a737c0ad3ff7ede9c73c9c747688c5101bd4a3036
